{"id":533,"date":"2019-03-30T08:18:31","date_gmt":"2019-03-30T07:18:31","guid":{"rendered":"http:\/\/www.victorarandagarcia.es\/?page_id=533"},"modified":"2019-04-02T21:23:40","modified_gmt":"2019-04-02T19:23:40","slug":"clases-fotografia","status":"publish","type":"page","link":"https:\/\/www.victorarandagarcia.es\/index.php\/clases-fotografia\/","title":{"rendered":"clases de fotograf\u00ed\u00ada"},"content":{"rendered":"\n<div class=\"wp-block-image\"><figure class=\"alignright is-resized\"><img data-attachment-id=\"589\" data-permalink=\"https:\/\/www.victorarandagarcia.es\/index.php\/portfolio-arte\/attachment\/arte-portfolio-2013-accesit-salon-de-fotografia-quart-de-poblet\/\" data-orig-file=\"https:\/\/www.victorarandagarcia.es\/wp-content\/uploads\/arte-portfolio-2013-Accesit-Salon-de-Fotografia-Quart-de-Poblet.jpg\" data-orig-size=\"360,720\" data-comments-opened=\"0\" data-image-meta=\"{&quot;aperture&quot;:&quot;0&quot;,&quot;credit&quot;:&quot;&quot;,&quot;camera&quot;:&quot;&quot;,&quot;caption&quot;:&quot;&quot;,&quot;created_timestamp&quot;:&quot;0&quot;,&quot;copyright&quot;:&quot;&quot;,&quot;focal_length&quot;:&quot;0&quot;,&quot;iso&quot;:&quot;0&quot;,&quot;shutter_speed&quot;:&quot;0&quot;,&quot;title&quot;:&quot;&quot;,&quot;orientation&quot;:&quot;0&quot;}\" data-image-title=\"arte-portfolio-2013 Accesit Salon de Fotografia Quart de Poblet\" data-image-description=\"\" data-image-caption=\"\" data-medium-file=\"https:\/\/www.victorarandagarcia.es\/wp-content\/uploads\/arte-portfolio-2013-Accesit-Salon-de-Fotografia-Quart-de-Poblet-150x300.jpg\" data-large-file=\"https:\/\/www.victorarandagarcia.es\/wp-content\/uploads\/arte-portfolio-2013-Accesit-Salon-de-Fotografia-Quart-de-Poblet.jpg\" decoding=\"async\" loading=\"lazy\" src=\"http:\/\/www.victorarandagarcia.es\/wp-content\/uploads\/arte-portfolio-2013-Accesit-Salon-de-Fotografia-Quart-de-Poblet.jpg\" alt=\"\" class=\"wp-image-589\" width=\"360\" height=\"720\" srcset=\"https:\/\/www.victorarandagarcia.es\/wp-content\/uploads\/arte-portfolio-2013-Accesit-Salon-de-Fotografia-Quart-de-Poblet.jpg 360w, https:\/\/www.victorarandagarcia.es\/wp-content\/uploads\/arte-portfolio-2013-Accesit-Salon-de-Fotografia-Quart-de-Poblet-150x300.jpg 150w\" sizes=\"(max-width: 360px) 100vw, 360px\" \/><\/figure><\/div>\n\n\n\n<p>\u00bfQuieres aprender fotograf\u00ed\u00ada? Doy clases particulares de fotograf\u00ed\u00ada en Valencia y Murcia con horarios y contenidos totalmente personalizados: conmigo puedes aprender fundamentos de la fotograf\u00ed\u00ada, manejo de la c\u00e1mara, t\u00e9cnica b\u00e1sica y avanzada, historia de la fotograf\u00ed\u00ada, estudio e iluminaci\u00f3n, edici\u00f3n y retoque digital con photoshop, y laboratorio en blanco y negro. \u00a1Consulta sin compromiso!<\/p>\n","protected":false},"excerpt":{"rendered":"<p>\u00bfQuieres aprender fotograf\u00ed\u00ada? Doy clases particulares de fotograf\u00ed\u00ada en Valencia y Murcia con horarios y contenidos totalmente personalizados: conmigo puedes aprender fundamentos de la fotograf\u00ed\u00ada, manejo de la c\u00e1mara, t\u00e9cnica b\u00e1sica y avanzada, historia de la fotograf\u00ed\u00ada, estudio e iluminaci\u00f3n, edici\u00f3n y retoque digital con &hellip; <a href=\"https:\/\/www.victorarandagarcia.es\/index.php\/clases-fotografia\/\" class=\"more-link\"><span>Continuar<span class=\"screen-reader-text\">clases de fotograf\u00ed\u00ada<\/span><\/span><\/a><\/p>\n","protected":false},"author":1,"featured_media":0,"parent":0,"menu_order":0,"comment_status":"closed","ping_status":"closed","template":"page-templates\/contact-template.php","meta":{"jetpack_post_was_ever_published":false,"footnotes":""},"yoast_head":"<!-- This site is optimized with the Yoast SEO plugin v22.6 - https:\/\/yoast.com\/wordpress\/plugins\/seo\/ -->\n<title>clases de fotograf\u00ed\u00ada - arte y estudio<\/title>\n<meta name=\"robots\" content=\"index, follow, max-snippet:-1, max-image-preview:large, max-video-preview:-1\" \/>\n<link rel=\"canonical\" href=\"https:\/\/www.victorarandagarcia.es\/index.php\/clases-fotografia\/\" \/>\n<meta property=\"og:locale\" content=\"es_ES\" \/>\n<meta property=\"og:type\" content=\"article\" \/>\n<meta property=\"og:title\" content=\"clases de fotograf\u00ed\u00ada - arte y estudio\" \/>\n<meta property=\"og:description\" content=\"\u00bfQuieres aprender fotograf\u00ed\u00ada? Doy clases particulares de fotograf\u00ed\u00ada en Valencia y Murcia con horarios y contenidos totalmente personalizados: conmigo puedes aprender fundamentos de la fotograf\u00ed\u00ada, manejo de la c\u00e1mara, t\u00e9cnica b\u00e1sica y avanzada, historia de la fotograf\u00ed\u00ada, estudio e iluminaci\u00f3n, edici\u00f3n y retoque digital con &hellip; Continuarclases de fotograf\u00ed\u00ada\" \/>\n<meta property=\"og:url\" content=\"https:\/\/www.victorarandagarcia.es\/index.php\/clases-fotografia\/\" \/>\n<meta property=\"og:site_name\" content=\"arte y estudio\" \/>\n<meta property=\"article:modified_time\" content=\"2019-04-02T19:23:40+00:00\" \/>\n<meta property=\"og:image\" content=\"http:\/\/www.victorarandagarcia.es\/wp-content\/uploads\/arte-portfolio-2013-Accesit-Salon-de-Fotografia-Quart-de-Poblet.jpg\" \/>\n<meta name=\"twitter:card\" content=\"summary_large_image\" \/>\n<script type=\"application\/ld+json\" class=\"yoast-schema-graph\">{\"@context\":\"https:\/\/schema.org\",\"@graph\":[{\"@type\":\"WebPage\",\"@id\":\"https:\/\/www.victorarandagarcia.es\/index.php\/clases-fotografia\/\",\"url\":\"https:\/\/www.victorarandagarcia.es\/index.php\/clases-fotografia\/\",\"name\":\"clases de fotograf\u00ed\u00ada - arte y estudio\",\"isPartOf\":{\"@id\":\"https:\/\/www.victorarandagarcia.es\/#website\"},\"primaryImageOfPage\":{\"@id\":\"https:\/\/www.victorarandagarcia.es\/index.php\/clases-fotografia\/#primaryimage\"},\"image\":{\"@id\":\"https:\/\/www.victorarandagarcia.es\/index.php\/clases-fotografia\/#primaryimage\"},\"thumbnailUrl\":\"http:\/\/www.victorarandagarcia.es\/wp-content\/uploads\/arte-portfolio-2013-Accesit-Salon-de-Fotografia-Quart-de-Poblet.jpg\",\"datePublished\":\"2019-03-30T07:18:31+00:00\",\"dateModified\":\"2019-04-02T19:23:40+00:00\",\"breadcrumb\":{\"@id\":\"https:\/\/www.victorarandagarcia.es\/index.php\/clases-fotografia\/#breadcrumb\"},\"inLanguage\":\"es\",\"potentialAction\":[{\"@type\":\"ReadAction\",\"target\":[\"https:\/\/www.victorarandagarcia.es\/index.php\/clases-fotografia\/\"]}]},{\"@type\":\"ImageObject\",\"inLanguage\":\"es\",\"@id\":\"https:\/\/www.victorarandagarcia.es\/index.php\/clases-fotografia\/#primaryimage\",\"url\":\"https:\/\/www.victorarandagarcia.es\/wp-content\/uploads\/arte-portfolio-2013-Accesit-Salon-de-Fotografia-Quart-de-Poblet.jpg\",\"contentUrl\":\"https:\/\/www.victorarandagarcia.es\/wp-content\/uploads\/arte-portfolio-2013-Accesit-Salon-de-Fotografia-Quart-de-Poblet.jpg\",\"width\":360,\"height\":720},{\"@type\":\"BreadcrumbList\",\"@id\":\"https:\/\/www.victorarandagarcia.es\/index.php\/clases-fotografia\/#breadcrumb\",\"itemListElement\":[{\"@type\":\"ListItem\",\"position\":1,\"name\":\"Portada\",\"item\":\"https:\/\/www.victorarandagarcia.es\/\"},{\"@type\":\"ListItem\",\"position\":2,\"name\":\"clases de fotograf\u00ed\u00ada\"}]},{\"@type\":\"WebSite\",\"@id\":\"https:\/\/www.victorarandagarcia.es\/#website\",\"url\":\"https:\/\/www.victorarandagarcia.es\/\",\"name\":\"arte y estudio\",\"description\":\"Fot\u00f3grafo\",\"publisher\":{\"@id\":\"https:\/\/www.victorarandagarcia.es\/#organization\"},\"potentialAction\":[{\"@type\":\"SearchAction\",\"target\":{\"@type\":\"EntryPoint\",\"urlTemplate\":\"https:\/\/www.victorarandagarcia.es\/?s={search_term_string}\"},\"query-input\":\"required name=search_term_string\"}],\"inLanguage\":\"es\"},{\"@type\":\"Organization\",\"@id\":\"https:\/\/www.victorarandagarcia.es\/#organization\",\"name\":\"arte y estudio\",\"url\":\"https:\/\/www.victorarandagarcia.es\/\",\"logo\":{\"@type\":\"ImageObject\",\"inLanguage\":\"es\",\"@id\":\"https:\/\/www.victorarandagarcia.es\/#\/schema\/logo\/image\/\",\"url\":\"https:\/\/www.victorarandagarcia.es\/wp-content\/uploads\/2019\/03\/logo-fotografo.png\",\"contentUrl\":\"https:\/\/www.victorarandagarcia.es\/wp-content\/uploads\/2019\/03\/logo-fotografo.png\",\"width\":150,\"height\":150,\"caption\":\"arte y estudio\"},\"image\":{\"@id\":\"https:\/\/www.victorarandagarcia.es\/#\/schema\/logo\/image\/\"}}]}<\/script>\n<!-- \/ Yoast SEO plugin. -->","yoast_head_json":{"title":"clases de fotograf\u00ed\u00ada - arte y estudio","robots":{"index":"index","follow":"follow","max-snippet":"max-snippet:-1","max-image-preview":"max-image-preview:large","max-video-preview":"max-video-preview:-1"},"canonical":"https:\/\/www.victorarandagarcia.es\/index.php\/clases-fotografia\/","og_locale":"es_ES","og_type":"article","og_title":"clases de fotograf\u00ed\u00ada - arte y estudio","og_description":"\u00bfQuieres aprender fotograf\u00ed\u00ada? Doy clases particulares de fotograf\u00ed\u00ada en Valencia y Murcia con horarios y contenidos totalmente personalizados: conmigo puedes aprender fundamentos de la fotograf\u00ed\u00ada, manejo de la c\u00e1mara, t\u00e9cnica b\u00e1sica y avanzada, historia de la fotograf\u00ed\u00ada, estudio e iluminaci\u00f3n, edici\u00f3n y retoque digital con &hellip; Continuarclases de fotograf\u00ed\u00ada","og_url":"https:\/\/www.victorarandagarcia.es\/index.php\/clases-fotografia\/","og_site_name":"arte y estudio","article_modified_time":"2019-04-02T19:23:40+00:00","og_image":[{"url":"http:\/\/www.victorarandagarcia.es\/wp-content\/uploads\/arte-portfolio-2013-Accesit-Salon-de-Fotografia-Quart-de-Poblet.jpg"}],"twitter_card":"summary_large_image","schema":{"@context":"https:\/\/schema.org","@graph":[{"@type":"WebPage","@id":"https:\/\/www.victorarandagarcia.es\/index.php\/clases-fotografia\/","url":"https:\/\/www.victorarandagarcia.es\/index.php\/clases-fotografia\/","name":"clases de fotograf\u00ed\u00ada - arte y estudio","isPartOf":{"@id":"https:\/\/www.victorarandagarcia.es\/#website"},"primaryImageOfPage":{"@id":"https:\/\/www.victorarandagarcia.es\/index.php\/clases-fotografia\/#primaryimage"},"image":{"@id":"https:\/\/www.victorarandagarcia.es\/index.php\/clases-fotografia\/#primaryimage"},"thumbnailUrl":"http:\/\/www.victorarandagarcia.es\/wp-content\/uploads\/arte-portfolio-2013-Accesit-Salon-de-Fotografia-Quart-de-Poblet.jpg","datePublished":"2019-03-30T07:18:31+00:00","dateModified":"2019-04-02T19:23:40+00:00","breadcrumb":{"@id":"https:\/\/www.victorarandagarcia.es\/index.php\/clases-fotografia\/#breadcrumb"},"inLanguage":"es","potentialAction":[{"@type":"ReadAction","target":["https:\/\/www.victorarandagarcia.es\/index.php\/clases-fotografia\/"]}]},{"@type":"ImageObject","inLanguage":"es","@id":"https:\/\/www.victorarandagarcia.es\/index.php\/clases-fotografia\/#primaryimage","url":"https:\/\/www.victorarandagarcia.es\/wp-content\/uploads\/arte-portfolio-2013-Accesit-Salon-de-Fotografia-Quart-de-Poblet.jpg","contentUrl":"https:\/\/www.victorarandagarcia.es\/wp-content\/uploads\/arte-portfolio-2013-Accesit-Salon-de-Fotografia-Quart-de-Poblet.jpg","width":360,"height":720},{"@type":"BreadcrumbList","@id":"https:\/\/www.victorarandagarcia.es\/index.php\/clases-fotografia\/#breadcrumb","itemListElement":[{"@type":"ListItem","position":1,"name":"Portada","item":"https:\/\/www.victorarandagarcia.es\/"},{"@type":"ListItem","position":2,"name":"clases de fotograf\u00ed\u00ada"}]},{"@type":"WebSite","@id":"https:\/\/www.victorarandagarcia.es\/#website","url":"https:\/\/www.victorarandagarcia.es\/","name":"arte y estudio","description":"Fot\u00f3grafo","publisher":{"@id":"https:\/\/www.victorarandagarcia.es\/#organization"},"potentialAction":[{"@type":"SearchAction","target":{"@type":"EntryPoint","urlTemplate":"https:\/\/www.victorarandagarcia.es\/?s={search_term_string}"},"query-input":"required name=search_term_string"}],"inLanguage":"es"},{"@type":"Organization","@id":"https:\/\/www.victorarandagarcia.es\/#organization","name":"arte y estudio","url":"https:\/\/www.victorarandagarcia.es\/","logo":{"@type":"ImageObject","inLanguage":"es","@id":"https:\/\/www.victorarandagarcia.es\/#\/schema\/logo\/image\/","url":"https:\/\/www.victorarandagarcia.es\/wp-content\/uploads\/2019\/03\/logo-fotografo.png","contentUrl":"https:\/\/www.victorarandagarcia.es\/wp-content\/uploads\/2019\/03\/logo-fotografo.png","width":150,"height":150,"caption":"arte y estudio"},"image":{"@id":"https:\/\/www.victorarandagarcia.es\/#\/schema\/logo\/image\/"}}]}},"jetpack_sharing_enabled":true,"_links":{"self":[{"href":"https:\/\/www.victorarandagarcia.es\/index.php\/wp-json\/wp\/v2\/pages\/533"}],"collection":[{"href":"https:\/\/www.victorarandagarcia.es\/index.php\/wp-json\/wp\/v2\/pages"}],"about":[{"href":"https:\/\/www.victorarandagarcia.es\/index.php\/wp-json\/wp\/v2\/types\/page"}],"author":[{"embeddable":true,"href":"https:\/\/www.victorarandagarcia.es\/index.php\/wp-json\/wp\/v2\/users\/1"}],"replies":[{"embeddable":true,"href":"https:\/\/www.victorarandagarcia.es\/index.php\/wp-json\/wp\/v2\/comments?post=533"}],"version-history":[{"count":9,"href":"https:\/\/www.victorarandagarcia.es\/index.php\/wp-json\/wp\/v2\/pages\/533\/revisions"}],"predecessor-version":[{"id":637,"href":"https:\/\/www.victorarandagarcia.es\/index.php\/wp-json\/wp\/v2\/pages\/533\/revisions\/637"}],"wp:attachment":[{"href":"https:\/\/www.victorarandagarcia.es\/index.php\/wp-json\/wp\/v2\/media?parent=533"}],"curies":[{"name":"wp","href":"https:\/\/api.w.org\/{rel}","templated":true}]}}

clases de fotografí­a

<div class="wp-block-image"><figure class="alignright is-resized"><img data-attachment-id="589" data-permalink="https://www.victorarandagarcia.es/index.php/portfolio-arte/attachment/arte-portfolio-2013-accesit-salon-de-fotografia-quart-de-poblet/" data-orig-file="https://www.victorarandagarcia.es/wp-content/uploads/arte-portfolio-2013-Accesit-Salon-de-Fotografia-Quart-de-Poblet.jpg" data-orig-size="360,720" data-comments-opened="0" data-image-meta="{&quot;aperture&quot;:&quot;0&quot;,&quot;credit&quot;:&quot;&quot;,&quot;camera&quot;:&quot;&quot;,&quot;caption&quot;:&quot;&quot;,&quot;created_timestamp&quot;:&quot;0&quot;,&quot;copyright&quot;:&quot;&quot;,&quot;focal_length&quot;:&quot;0&quot;,&quot;iso&quot;:&quot;0&quot;,&quot;shutter_speed&quot;:&quot;0&quot;,&quot;title&quot;:&quot;&quot;,&quot;orientation&quot;:&quot;0&quot;}" data-image-title="arte-portfolio-2013 Accesit Salon de Fotografia Quart de Poblet" data-image-description="" data-image-caption="" data-medium-file="https://www.victorarandagarcia.es/wp-content/uploads/arte-portfolio-2013-Accesit-Salon-de-Fotografia-Quart-de-Poblet-150x300.jpg" data-large-file="https://www.victorarandagarcia.es/wp-content/uploads/arte-portfolio-2013-Accesit-Salon-de-Fotografia-Quart-de-Poblet.jpg" decoding="async" loading="lazy" src="http://www.victorarandagarcia.es/wp-content/uploads/arte-portfolio-2013-Accesit-Salon-de-Fotografia-Quart-de-Poblet.jpg" alt="" class="wp-image-589" width="360" height="720" srcset="https://www.victorarandagarcia.es/wp-content/uploads/arte-portfolio-2013-Accesit-Salon-de-Fotografia-Quart-de-Poblet.jpg 360w, https://www.victorarandagarcia.es/wp-content/uploads/arte-portfolio-2013-Accesit-Salon-de-Fotografia-Quart-de-Poblet-150x300.jpg 150w" sizes="(max-width: 360px) 100vw, 360px" /></figure></div>



<p>¿Quieres aprender fotografí­a? Doy clases particulares de fotografí­a en Valencia y Murcia con horarios y contenidos totalmente personalizados: conmigo puedes aprender fundamentos de la fotografí­a, manejo de la cámara, técnica básica y avanzada, historia de la fotografí­a, estudio e iluminación, edición y retoque digital con photoshop, y laboratorio en blanco y negro. ¡Consulta sin compromiso!</p>

<p>¿Quieres aprender fotografí­a? Doy clases particulares de fotografí­a en Valencia y Murcia con horarios y contenidos totalmente personalizados: conmigo puedes aprender fundamentos de la fotografí­a, manejo de la cámara, técnica básica y avanzada, historia de la fotografí­a, estudio e iluminación, edición y retoque digital con &hellip; <a href="https://www.victorarandagarcia.es/index.php/clases-fotografia/" class="more-link"><span>Continuar<span class="screen-reader-text">clases de fotografí­a</span></span></a></p>

<!-- This site is optimized with the Yoast SEO plugin v22.6 - https://yoast.com/wordpress/plugins/seo/ -->
<title>clases de fotografí­a - arte y estudio</title>
<meta name="robots" content="index, follow, max-snippet:-1, max-image-preview:large, max-video-preview:-1" />
<link rel="canonical" href="https://www.victorarandagarcia.es/index.php/clases-fotografia/" />
<meta property="og:locale" content="es_ES" />
<meta property="og:type" content="article" />
<meta property="og:title" content="clases de fotografí­a - arte y estudio" />
<meta property="og:description" content="¿Quieres aprender fotografí­a? Doy clases particulares de fotografí­a en Valencia y Murcia con horarios y contenidos totalmente personalizados: conmigo puedes aprender fundamentos de la fotografí­a, manejo de la cámara, técnica básica y avanzada, historia de la fotografí­a, estudio e iluminación, edición y retoque digital con &hellip; Continuarclases de fotografí­a" />
<meta property="og:url" content="https://www.victorarandagarcia.es/index.php/clases-fotografia/" />
<meta property="og:site_name" content="arte y estudio" />
<meta property="article:modified_time" content="2019-04-02T19:23:40+00:00" />
<meta property="og:image" content="http://www.victorarandagarcia.es/wp-content/uploads/arte-portfolio-2013-Accesit-Salon-de-Fotografia-Quart-de-Poblet.jpg" />
<meta name="twitter:card" content="summary_large_image" />
<script type="application/ld+json" class="yoast-schema-graph">{"@context":"https://schema.org","@graph":[{"@type":"WebPage","@id":"https://www.victorarandagarcia.es/index.php/clases-fotografia/","url":"https://www.victorarandagarcia.es/index.php/clases-fotografia/","name":"clases de fotografí­a - arte y estudio","isPartOf":{"@id":"https://www.victorarandagarcia.es/#website"},"primaryImageOfPage":{"@id":"https://www.victorarandagarcia.es/index.php/clases-fotografia/#primaryimage"},"image":{"@id":"https://www.victorarandagarcia.es/index.php/clases-fotografia/#primaryimage"},"thumbnailUrl":"http://www.victorarandagarcia.es/wp-content/uploads/arte-portfolio-2013-Accesit-Salon-de-Fotografia-Quart-de-Poblet.jpg","datePublished":"2019-03-30T07:18:31+00:00","dateModified":"2019-04-02T19:23:40+00:00","breadcrumb":{"@id":"https://www.victorarandagarcia.es/index.php/clases-fotografia/#breadcrumb"},"inLanguage":"es","potentialAction":[{"@type":"ReadAction","target":["https://www.victorarandagarcia.es/index.php/clases-fotografia/"]}]},{"@type":"ImageObject","inLanguage":"es","@id":"https://www.victorarandagarcia.es/index.php/clases-fotografia/#primaryimage","url":"https://www.victorarandagarcia.es/wp-content/uploads/arte-portfolio-2013-Accesit-Salon-de-Fotografia-Quart-de-Poblet.jpg","contentUrl":"https://www.victorarandagarcia.es/wp-content/uploads/arte-portfolio-2013-Accesit-Salon-de-Fotografia-Quart-de-Poblet.jpg","width":360,"height":720},{"@type":"BreadcrumbList","@id":"https://www.victorarandagarcia.es/index.php/clases-fotografia/#breadcrumb","itemListElement":[{"@type":"ListItem","position":1,"name":"Portada","item":"https://www.victorarandagarcia.es/"},{"@type":"ListItem","position":2,"name":"clases de fotografí­a"}]},{"@type":"WebSite","@id":"https://www.victorarandagarcia.es/#website","url":"https://www.victorarandagarcia.es/","name":"arte y estudio","description":"Fotógrafo","publisher":{"@id":"https://www.victorarandagarcia.es/#organization"},"potentialAction":[{"@type":"SearchAction","target":{"@type":"EntryPoint","urlTemplate":"https://www.victorarandagarcia.es/?s={search_term_string}"},"query-input":"required name=search_term_string"}],"inLanguage":"es"},{"@type":"Organization","@id":"https://www.victorarandagarcia.es/#organization","name":"arte y estudio","url":"https://www.victorarandagarcia.es/","logo":{"@type":"ImageObject","inLanguage":"es","@id":"https://www.victorarandagarcia.es/#/schema/logo/image/","url":"https://www.victorarandagarcia.es/wp-content/uploads/2019/03/logo-fotografo.png","contentUrl":"https://www.victorarandagarcia.es/wp-content/uploads/2019/03/logo-fotografo.png","width":150,"height":150,"caption":"arte y estudio"},"image":{"@id":"https://www.victorarandagarcia.es/#/schema/logo/image/"}}]}</script>
<!-- / Yoast SEO plugin. -->

clases de fotografí­a - arte y estudio

¿Quieres aprender fotografí­a? Doy clases particulares de fotografí­a en Valencia y Murcia con horarios y contenidos totalmente personalizados: conmigo puedes aprender fundamentos de la fotografí­a, manejo de la cámara, técnica básica y avanzada, historia de la fotografí­a, estudio e iluminación, edición y retoque digital con &hellip; Continuarclases de fotografí­a

Fotógrafo
