{"id":1810,"date":"2019-05-19T19:58:37","date_gmt":"2019-05-19T17:58:37","guid":{"rendered":"http:\/\/www.victorarandagarcia.es\/index.php\/mas-informacion-sobre-las-cookies\/"},"modified":"2019-05-19T19:58:37","modified_gmt":"2019-05-19T17:58:37","slug":"mas-informacion-sobre-las-cookies","status":"publish","type":"page","link":"https:\/\/www.victorarandagarcia.es\/index.php\/mas-informacion-sobre-las-cookies\/","title":{"rendered":"M\u00e1s informaci\u00f3n sobre las cookies"},"content":{"rendered":"<h2>\u00bfQu\u00e9 es una cookie?<\/h2>\n<pre><code>Una &lt;em&gt;cookie&lt;\/em&gt; es un fichero de texto &lt;b&gt;inofensivo&lt;\/b&gt; que se almacena en su navegador cuando visita casi cualquier p\u00e1gina web. La utilidad de la &lt;em&gt;cookie&lt;\/em&gt; es que la web sea capaz de recordar su visita cuando vuelva a navegar por esa p\u00e1gina. Aunque mucha gente no lo sabe las &lt;em&gt;cookies&lt;\/em&gt; se llevan utilizando desde hace 20 a\u00f1os, cuando aparecieron los primeros navegadores para la World Wide Web.\n<\/code><\/pre>\n<\/p>\n<h2>\u00bfQu\u00e9 NO ES una cookie?<\/h2>\n<p>    No es un virus, ni un troyano, ni un gusano, ni spam, ni spyware, ni abre ventanas pop-up.<\/p>\n<h2>\u00bfQu\u00e9 informaci\u00f3n almacena una <em>cookie<\/em>?<\/h2>\n<p>    Las <em>cookies<\/em> no suelen almacenar informaci\u00f3n sensible sobre usted, como tarjetas de cr\u00e9dito o datos bancarios, fotograf\u00edas, su DNI o informaci\u00f3n personal, etc. Los datos que guardan son de car\u00e1cter t\u00e9cnico, preferencias personales, personalizaci\u00f3n de contenidos, etc.<\/p>\n<p>    El servidor web no le asocia a usted como persona si no a su navegador web. De hecho, si usted navega habitualmente con Internet Explorer y prueba a navegar por la misma web con Firefox o Chrome ver\u00e1 que la web no se da cuenta que es usted la misma persona porque en realidad est\u00e1 asociando al navegador, no a la persona.<\/p>\n<h2>\u00bfQu\u00e9 tipo de <em>cookies<\/em> existen?<\/h2>\n<ul>\n<li><em>Cookies<\/em> t\u00e9cnicas: Son las m\u00e1s elementales y permiten, entre otras cosas, saber cu\u00e1ndo est\u00e1 navegando un humano o una aplicaci\u00f3n automatizada, cu\u00e1ndo navega un usuario an\u00f3nimo y uno registrado, tareas  b\u00e1sicas para el funcionamiento de cualquier web din\u00e1mica.<\/li>\n<li><em>Cookies<\/em> de an\u00e1lisis: Recogen informaci\u00f3n sobre el tipo de navegaci\u00f3n que est\u00e1 realizando, las secciones que m\u00e1s utiliza, productos consultados, franja horaria de uso, idioma, etc.<\/li>\n<li><em>Cookies<\/em> publicitarias: Muestran publicidad en funci\u00f3n de su navegaci\u00f3n, su pa\u00eds de procedencia, idioma, etc.<\/li>\n<\/ul>\n<h2>\u00bfQu\u00e9 son las <em>cookies<\/em> propias y las de terceros?<\/h2>\n<p>    Las <em>cookies propias<\/em> son las generadas por la p\u00e1gina que est\u00e1 visitando y las <em>de terceros<\/em> son las generadas por servicios o proveedores externos como Facebook, Twitter, Google, etc.<\/p>\n<h2>\u00bfQu\u00e9 ocurre si desactivo las <em>cookies<\/em>?<\/h2>\n<p>    Para que entienda el alcance que puede tener desactivar las <em>cookies<\/em> le mostramos unos ejemplos:<\/p>\n<ul>\n<li>No podr\u00e1 compartir contenidos de esa web en Facebook, Twitter o cualquier otra red social.<\/li>\n<li>El sitio web no podr\u00e1 adaptar los contenidos a sus preferencias personales, como suele ocurrir en las tiendas online.<\/li>\n<li>No podr\u00e1 acceder al \u00e1rea personal de esa web, como por ejemplo <em>Mi cuenta<\/em>, o <em>Mi perfil<\/em> o <em>Mis pedidos<\/em>.<\/li>\n<li>Tiendas online: Le ser\u00e1 imposible realizar compras online, tendr\u00e1n que ser telef\u00f3nicas o visitando la tienda f\u00edsica si es que dispone de ella.<\/li>\n<li>No ser\u00e1 posible personalizar sus preferencias geogr\u00e1ficas como franja horaria, divisa o idioma.<\/li>\n<li>El sitio web no podr\u00e1 realizar anal\u00edticas web sobre visitantes y tr\u00e1fico en la web, lo que dificultar\u00e1 que la web sea competitiva.<\/li>\n<li>No podr\u00e1 escribir en el blog, no podr\u00e1 subir fotos, publicar comentarios, valorar o puntuar contenidos. La web tampoco podr\u00e1 saber si usted es un humano o una aplicaci\u00f3n automatizada que publica <em>spam<\/em>.<\/li>\n<li>No se podr\u00e1 mostrar publicidad sectorizada, lo que reducir\u00e1 los ingresos publicitarios de la web.<\/li>\n<li>Todas las redes sociales usan <em>cookies<\/em>, si las desactiva no podr\u00e1 utilizar ninguna red social.<\/li>\n<\/ul>\n<h2>\u00bfSe pueden eliminar las <em>cookies<\/em>?<\/h2>\n<pre><code>S\u00ed. No s\u00f3lo eliminar, tambi\u00e9n bloquear, de forma general o particular para un dominio espec\u00edfico.\n\n\n\nPara eliminar las &lt;em&gt;cookies&lt;\/em&gt; de un sitio web debe ir a la configuraci\u00f3n de su navegador y all\u00ed podr\u00e1 buscar las asociadas al dominio en cuesti\u00f3n y proceder a su eliminaci\u00f3n.\n<\/code><\/pre>\n<h2 id=\"navegadores\">Configuraci\u00f3n de <em>cookies<\/em> para los navegadores m\u00e1s polulares<\/h2>\n<pre><code>A continuaci\u00f3n le indicamos c\u00f3mo acceder a una &lt;em&gt;cookie&lt;\/em&gt; determinada del navegador &lt;b&gt;Chrome&lt;\/b&gt;. Nota: estos pasos pueden variar en funci\u00f3n de la versi\u00f3n del navegador:\n&lt;ol&gt;\n    &lt;li&gt;Vaya a Configuraci\u00f3n o Preferencias mediante el men\u00fa Archivo o bien pinchando el icono de personalizaci\u00f3n que aparece arriba a la derecha.&lt;\/li&gt;\n    &lt;li&gt;Ver\u00e1 diferentes secciones, pinche la opci\u00f3n &lt;em&gt;Mostrar opciones avanzadas&lt;\/em&gt;.&lt;\/li&gt;\n    &lt;li&gt;Vaya a &lt;em&gt;Privacidad&lt;\/em&gt;, &lt;em&gt;Configuraci\u00f3n de contenido&lt;\/em&gt;.&lt;\/li&gt;\n    &lt;li&gt;Seleccione &lt;em&gt;Todas las &lt;em&gt;cookies&lt;\/em&gt; y los datos de sitios&lt;\/em&gt;.&lt;\/li&gt;\n    &lt;li&gt;Aparecer\u00e1 un listado con todas las &lt;em&gt;cookies&lt;\/em&gt; ordenadas por dominio. Para que le sea m\u00e1s f\u00e1cil encontrar las &lt;em&gt;cookies&lt;\/em&gt; de un determinado dominio introduzca parcial o totalmente la direcci\u00f3n en el campo &lt;em&gt;Buscar cookies&lt;\/em&gt;.&lt;\/li&gt;\n    &lt;li&gt;Tras realizar este filtro aparecer\u00e1n en pantalla una o varias l\u00edneas con las &lt;em&gt;cookies&lt;\/em&gt; de la web solicitada. Ahora s\u00f3lo tiene que seleccionarla y pulsar la &lt;em&gt;X&lt;\/em&gt; para proceder a su eliminaci\u00f3n.&lt;\/li&gt;\n&lt;\/ol&gt;\n\n\n\nPara acceder a la configuraci\u00f3n de &lt;em&gt;cookies&lt;\/em&gt; del navegador &lt;b&gt;Internet Explorer&lt;\/b&gt; siga estos pasos (pueden variar en funci\u00f3n de la versi\u00f3n del navegador):\n&lt;ol&gt;\n    &lt;li&gt;Vaya a &lt;em&gt;Herramientas&lt;\/em&gt;, &lt;em&gt;Opciones de Internet&lt;\/em&gt;&lt;\/li&gt;\n    &lt;li&gt;Haga click en &lt;em&gt;Privacidad&lt;\/em&gt;.&lt;\/li&gt;\n    &lt;li&gt;Mueva el deslizador hasta ajustar el nivel de privacidad que desee.&lt;\/li&gt;\n&lt;\/ol&gt;\n\n\n\nPara acceder a la configuraci\u00f3n de &lt;em&gt;cookies&lt;\/em&gt; del navegador &lt;b&gt;Firefox&lt;\/b&gt; siga estos pasos (pueden variar en funci\u00f3n de la versi\u00f3n del navegador):\n&lt;ol&gt;\n    &lt;li&gt;Vaya a &lt;em&gt;Opciones&lt;\/em&gt; o &lt;em&gt;Preferencias&lt;\/em&gt; seg\u00fan su sistema operativo.&lt;\/li&gt;\n    &lt;li&gt;Haga click en &lt;em&gt;Privacidad&lt;\/em&gt;.&lt;\/li&gt;\n    &lt;li&gt;En &lt;em&gt;Historial&lt;\/em&gt; elija &lt;em&gt;Usar una configuraci\u00f3n personalizada para el historial&lt;\/em&gt;.&lt;\/li&gt;\n    &lt;li&gt;Ahora ver\u00e1 la opci\u00f3n &lt;em&gt;Aceptar cookies&lt;\/em&gt;, puede activarla o desactivarla seg\u00fan sus preferencias.&lt;\/li&gt;\n&lt;\/ol&gt;\n\n\n\nPara acceder a la configuraci\u00f3n de &lt;em&gt;cookies&lt;\/em&gt; del navegador &lt;b&gt;Safari para OSX&lt;\/b&gt; siga estos pasos (pueden variar en funci\u00f3n de la versi\u00f3n del navegador):\n&lt;ol&gt;\n    &lt;li&gt;Vaya a &lt;em&gt;Preferencias&lt;\/em&gt;, luego &lt;em&gt;Privacidad&lt;\/em&gt;.&lt;\/li&gt;\n    &lt;li&gt;En este lugar ver\u00e1 la opci\u00f3n &lt;em&gt;Bloquear cookies&lt;\/em&gt; para que ajuste el tipo de bloqueo que desea realizar.&lt;\/li&gt;\n&lt;\/ol&gt;\n\n\n\nPara acceder a la configuraci\u00f3n de &lt;em&gt;cookies&lt;\/em&gt; del navegador &lt;b&gt;Safari para iOS&lt;\/b&gt; siga estos pasos (pueden variar en funci\u00f3n de la versi\u00f3n del navegador):\n&lt;ol&gt;\n    &lt;li&gt;Vaya a &lt;em&gt;Ajustes&lt;\/em&gt;, luego &lt;em&gt;Safari&lt;\/em&gt;.&lt;\/li&gt;\n    &lt;li&gt;Vaya a &lt;em&gt;Privacidad y Seguridad&lt;\/em&gt;, ver\u00e1 la opci\u00f3n &lt;em&gt;Bloquear cookies&lt;\/em&gt; para que ajuste el tipo de bloqueo que desea realizar.&lt;\/li&gt;\n&lt;\/ol&gt;\n\n\n\nPara acceder a la configuraci\u00f3n de &lt;em&gt;cookies&lt;\/em&gt; del navegador para dispositivos &lt;b&gt;Android&lt;\/b&gt; siga estos pasos (pueden variar en funci\u00f3n de la versi\u00f3n del navegador):\n&lt;ol&gt;\n    &lt;li&gt;Ejecute el navegador y pulse la tecla &lt;em&gt;Men\u00fa&lt;\/em&gt;, luego &lt;em&gt;Ajustes&lt;\/em&gt;.&lt;\/li&gt;\n    &lt;li&gt;Vaya a &lt;em&gt;Seguridad y Privacidad&lt;\/em&gt;, ver\u00e1 la opci\u00f3n &lt;em&gt;Aceptar cookies&lt;\/em&gt; para que active o desactive la casilla.&lt;\/li&gt;\n&lt;\/ol&gt;\n\n\n\nPara acceder a la configuraci\u00f3n de &lt;em&gt;cookies&lt;\/em&gt; del navegador para dispositivos &lt;b&gt;Windows Phone&lt;\/b&gt; siga estos pasos (pueden variar en funci\u00f3n de la versi\u00f3n del navegador):\n&lt;ol&gt;\n    &lt;li&gt;Abra &lt;em&gt;Internet Explorer&lt;\/em&gt;, luego &lt;em&gt;M\u00e1s&lt;\/em&gt;, luego &lt;em&gt;Configuraci\u00f3n&lt;\/em&gt;&lt;\/li&gt;\n    &lt;li&gt;Ahora puede activar o desactivar la casilla &lt;em&gt;Permitir cookies&lt;\/em&gt;.&lt;\/li&gt;\n&lt;\/ol&gt;\n\n\n\nAsesor de Cookies es un &lt;a href=\"http:\/\/wordpress.org\/plugins\/asesor-cookies-para-la-ley-en-espana\/\" target=\"_blank\" rel=\"noopener noreferrer\"&gt;plugin para WordPress&lt;\/a&gt;\n<\/code><\/pre>\n","protected":false},"excerpt":{"rendered":"<p>\u00bfQu\u00e9 es una cookie? Una &lt;em&gt;cookie&lt;\/em&gt; es un fichero de texto &lt;b&gt;inofensivo&lt;\/b&gt; que se almacena en su navegador cuando visita casi cualquier p\u00e1gina web. La utilidad de la &lt;em&gt;cookie&lt;\/em&gt; es que la web sea capaz de recordar su visita cuando vuelva a navegar por esa &hellip; <a href=\"https:\/\/www.victorarandagarcia.es\/index.php\/mas-informacion-sobre-las-cookies\/\" class=\"more-link\"><span>Continuar<span class=\"screen-reader-text\">M\u00e1s informaci\u00f3n sobre las cookies<\/span><\/span><\/a><\/p>\n","protected":false},"author":1,"featured_media":0,"parent":0,"menu_order":0,"comment_status":"closed","ping_status":"closed","template":"","meta":{"jetpack_post_was_ever_published":false,"footnotes":""},"yoast_head":"<!-- This site is optimized with the Yoast SEO plugin v22.6 - https:\/\/yoast.com\/wordpress\/plugins\/seo\/ -->\n<title>M\u00e1s informaci\u00f3n sobre las cookies - arte y estudio<\/title>\n<meta name=\"robots\" content=\"index, follow, max-snippet:-1, max-image-preview:large, max-video-preview:-1\" \/>\n<link rel=\"canonical\" href=\"https:\/\/www.victorarandagarcia.es\/index.php\/mas-informacion-sobre-las-cookies\/\" \/>\n<meta property=\"og:locale\" content=\"es_ES\" \/>\n<meta property=\"og:type\" content=\"article\" \/>\n<meta property=\"og:title\" content=\"M\u00e1s informaci\u00f3n sobre las cookies - arte y estudio\" \/>\n<meta property=\"og:description\" content=\"\u00bfQu\u00e9 es una cookie? Una &lt;em&gt;cookie&lt;\/em&gt; es un fichero de texto &lt;b&gt;inofensivo&lt;\/b&gt; que se almacena en su navegador cuando visita casi cualquier p\u00e1gina web. La utilidad de la &lt;em&gt;cookie&lt;\/em&gt; es que la web sea capaz de recordar su visita cuando vuelva a navegar por esa &hellip; ContinuarM\u00e1s informaci\u00f3n sobre las cookies\" \/>\n<meta property=\"og:url\" content=\"https:\/\/www.victorarandagarcia.es\/index.php\/mas-informacion-sobre-las-cookies\/\" \/>\n<meta property=\"og:site_name\" content=\"arte y estudio\" \/>\n<meta name=\"twitter:card\" content=\"summary_large_image\" \/>\n<meta name=\"twitter:label1\" content=\"Tiempo de lectura\" \/>\n\t<meta name=\"twitter:data1\" content=\"8 minutos\" \/>\n<script type=\"application\/ld+json\" class=\"yoast-schema-graph\">{\"@context\":\"https:\/\/schema.org\",\"@graph\":[{\"@type\":\"WebPage\",\"@id\":\"https:\/\/www.victorarandagarcia.es\/index.php\/mas-informacion-sobre-las-cookies\/\",\"url\":\"https:\/\/www.victorarandagarcia.es\/index.php\/mas-informacion-sobre-las-cookies\/\",\"name\":\"M\u00e1s informaci\u00f3n sobre las cookies - arte y estudio\",\"isPartOf\":{\"@id\":\"https:\/\/www.victorarandagarcia.es\/#website\"},\"datePublished\":\"2019-05-19T17:58:37+00:00\",\"dateModified\":\"2019-05-19T17:58:37+00:00\",\"breadcrumb\":{\"@id\":\"https:\/\/www.victorarandagarcia.es\/index.php\/mas-informacion-sobre-las-cookies\/#breadcrumb\"},\"inLanguage\":\"es\",\"potentialAction\":[{\"@type\":\"ReadAction\",\"target\":[\"https:\/\/www.victorarandagarcia.es\/index.php\/mas-informacion-sobre-las-cookies\/\"]}]},{\"@type\":\"BreadcrumbList\",\"@id\":\"https:\/\/www.victorarandagarcia.es\/index.php\/mas-informacion-sobre-las-cookies\/#breadcrumb\",\"itemListElement\":[{\"@type\":\"ListItem\",\"position\":1,\"name\":\"Portada\",\"item\":\"https:\/\/www.victorarandagarcia.es\/\"},{\"@type\":\"ListItem\",\"position\":2,\"name\":\"M\u00e1s informaci\u00f3n sobre las cookies\"}]},{\"@type\":\"WebSite\",\"@id\":\"https:\/\/www.victorarandagarcia.es\/#website\",\"url\":\"https:\/\/www.victorarandagarcia.es\/\",\"name\":\"arte y estudio\",\"description\":\"Fot\u00f3grafo\",\"publisher\":{\"@id\":\"https:\/\/www.victorarandagarcia.es\/#organization\"},\"potentialAction\":[{\"@type\":\"SearchAction\",\"target\":{\"@type\":\"EntryPoint\",\"urlTemplate\":\"https:\/\/www.victorarandagarcia.es\/?s={search_term_string}\"},\"query-input\":\"required name=search_term_string\"}],\"inLanguage\":\"es\"},{\"@type\":\"Organization\",\"@id\":\"https:\/\/www.victorarandagarcia.es\/#organization\",\"name\":\"arte y estudio\",\"url\":\"https:\/\/www.victorarandagarcia.es\/\",\"logo\":{\"@type\":\"ImageObject\",\"inLanguage\":\"es\",\"@id\":\"https:\/\/www.victorarandagarcia.es\/#\/schema\/logo\/image\/\",\"url\":\"https:\/\/www.victorarandagarcia.es\/wp-content\/uploads\/2019\/03\/logo-fotografo.png\",\"contentUrl\":\"https:\/\/www.victorarandagarcia.es\/wp-content\/uploads\/2019\/03\/logo-fotografo.png\",\"width\":150,\"height\":150,\"caption\":\"arte y estudio\"},\"image\":{\"@id\":\"https:\/\/www.victorarandagarcia.es\/#\/schema\/logo\/image\/\"}}]}<\/script>\n<!-- \/ Yoast SEO plugin. -->","yoast_head_json":{"title":"M\u00e1s informaci\u00f3n sobre las cookies - arte y estudio","robots":{"index":"index","follow":"follow","max-snippet":"max-snippet:-1","max-image-preview":"max-image-preview:large","max-video-preview":"max-video-preview:-1"},"canonical":"https:\/\/www.victorarandagarcia.es\/index.php\/mas-informacion-sobre-las-cookies\/","og_locale":"es_ES","og_type":"article","og_title":"M\u00e1s informaci\u00f3n sobre las cookies - arte y estudio","og_description":"\u00bfQu\u00e9 es una cookie? Una &lt;em&gt;cookie&lt;\/em&gt; es un fichero de texto &lt;b&gt;inofensivo&lt;\/b&gt; que se almacena en su navegador cuando visita casi cualquier p\u00e1gina web. La utilidad de la &lt;em&gt;cookie&lt;\/em&gt; es que la web sea capaz de recordar su visita cuando vuelva a navegar por esa &hellip; ContinuarM\u00e1s informaci\u00f3n sobre las cookies","og_url":"https:\/\/www.victorarandagarcia.es\/index.php\/mas-informacion-sobre-las-cookies\/","og_site_name":"arte y estudio","twitter_card":"summary_large_image","twitter_misc":{"Tiempo de lectura":"8 minutos"},"schema":{"@context":"https:\/\/schema.org","@graph":[{"@type":"WebPage","@id":"https:\/\/www.victorarandagarcia.es\/index.php\/mas-informacion-sobre-las-cookies\/","url":"https:\/\/www.victorarandagarcia.es\/index.php\/mas-informacion-sobre-las-cookies\/","name":"M\u00e1s informaci\u00f3n sobre las cookies - arte y estudio","isPartOf":{"@id":"https:\/\/www.victorarandagarcia.es\/#website"},"datePublished":"2019-05-19T17:58:37+00:00","dateModified":"2019-05-19T17:58:37+00:00","breadcrumb":{"@id":"https:\/\/www.victorarandagarcia.es\/index.php\/mas-informacion-sobre-las-cookies\/#breadcrumb"},"inLanguage":"es","potentialAction":[{"@type":"ReadAction","target":["https:\/\/www.victorarandagarcia.es\/index.php\/mas-informacion-sobre-las-cookies\/"]}]},{"@type":"BreadcrumbList","@id":"https:\/\/www.victorarandagarcia.es\/index.php\/mas-informacion-sobre-las-cookies\/#breadcrumb","itemListElement":[{"@type":"ListItem","position":1,"name":"Portada","item":"https:\/\/www.victorarandagarcia.es\/"},{"@type":"ListItem","position":2,"name":"M\u00e1s informaci\u00f3n sobre las cookies"}]},{"@type":"WebSite","@id":"https:\/\/www.victorarandagarcia.es\/#website","url":"https:\/\/www.victorarandagarcia.es\/","name":"arte y estudio","description":"Fot\u00f3grafo","publisher":{"@id":"https:\/\/www.victorarandagarcia.es\/#organization"},"potentialAction":[{"@type":"SearchAction","target":{"@type":"EntryPoint","urlTemplate":"https:\/\/www.victorarandagarcia.es\/?s={search_term_string}"},"query-input":"required name=search_term_string"}],"inLanguage":"es"},{"@type":"Organization","@id":"https:\/\/www.victorarandagarcia.es\/#organization","name":"arte y estudio","url":"https:\/\/www.victorarandagarcia.es\/","logo":{"@type":"ImageObject","inLanguage":"es","@id":"https:\/\/www.victorarandagarcia.es\/#\/schema\/logo\/image\/","url":"https:\/\/www.victorarandagarcia.es\/wp-content\/uploads\/2019\/03\/logo-fotografo.png","contentUrl":"https:\/\/www.victorarandagarcia.es\/wp-content\/uploads\/2019\/03\/logo-fotografo.png","width":150,"height":150,"caption":"arte y estudio"},"image":{"@id":"https:\/\/www.victorarandagarcia.es\/#\/schema\/logo\/image\/"}}]}},"jetpack_sharing_enabled":true,"_links":{"self":[{"href":"https:\/\/www.victorarandagarcia.es\/index.php\/wp-json\/wp\/v2\/pages\/1810"}],"collection":[{"href":"https:\/\/www.victorarandagarcia.es\/index.php\/wp-json\/wp\/v2\/pages"}],"about":[{"href":"https:\/\/www.victorarandagarcia.es\/index.php\/wp-json\/wp\/v2\/types\/page"}],"author":[{"embeddable":true,"href":"https:\/\/www.victorarandagarcia.es\/index.php\/wp-json\/wp\/v2\/users\/1"}],"replies":[{"embeddable":true,"href":"https:\/\/www.victorarandagarcia.es\/index.php\/wp-json\/wp\/v2\/comments?post=1810"}],"version-history":[{"count":0,"href":"https:\/\/www.victorarandagarcia.es\/index.php\/wp-json\/wp\/v2\/pages\/1810\/revisions"}],"wp:attachment":[{"href":"https:\/\/www.victorarandagarcia.es\/index.php\/wp-json\/wp\/v2\/media?parent=1810"}],"curies":[{"name":"wp","href":"https:\/\/api.w.org\/{rel}","templated":true}]}}